 Calculate the remainder when 440 is divided by s.
20
Let t = -433 - -511. What is the remainder when t is divided by 9?
6
Let c(a) be the first derivative of -a**4/4 - 3*a**3 - 4*a**2 + 2*a + 3. What is the remainder when (0 + 2)*18/12 is divided by c(-8)?
1
Suppose 0 = -5*i - 3*n + n + 147, -3*i - 4*n = -91. Let r = i + -32. Calculate the remainder when 110 is divided by 168/(-70)*20/r.
14
Suppose 0 = -5*p - u + 10, -p - 2*u = -3*u - 8. Suppose 17 = -p*d - 4. Let k(h) = -h + 4. What is the remainder when 30 is divided by k(d)?
8
Let j(t) = -12*t - 2. Let u(y) = 3*y**2 + 27*y + 154. Let a be u(-7). Suppose 0 = -13*k + a + 356. What is the remainder when j(-6) is divided by k?
34
What is the remainder when 3501 is divided by 3250/(-3900) + 19/(-12)*-22?
33
Let j = 7998 + -6261. Calculate the remainder when j is divided by 569.
30
Let z(d) = 48*d**2 - 33*d + 86. Calculate the remainder when z(6) is divided by 81.
77
Calculate the remainder when 10 - -60*(-7 + (-115)/(-10)) is divided by 9.
1
Let q = -536531 + 536552. Calculate the remainder when (292/(-3))/(2/(-9)) is divided by q.
18
Let m = 619 - 590. Suppose 0 = -30*a + m*a + 12. Calculate the remainder when 23 is divided by a.
11
Suppose -x + 161 = -0*g + 3*g, 5*g + 745 = 5*x. Let j be 1/(-8 + (-453)/(-57)). Let l(n) = n**2 + 26*n + 164. What is the remainder when x is divided by l(j)?
28
Suppose -3*d = -4*u - 668, 1090 = 5*d - 54*u + 52*u. Calculate the remainder when 906 is divided by d.
42
Let z = -4944 - -5087. What is the remainder when z is divided by 97?
46
Let f = -143 + 163. Suppose 14 = -f*c + 21*c. What is the remainder when c is divided by 13?
1
Let x = 114 - 82. Let c = x + 58. Suppose 9*l - c = 162. What is the remainder when 108 is divided by l?
24
Let i = -33137 - -33345. What is the remainder when i is divided by (-3)/9 - (-106)/3?
33
Suppose k + 23 = 91. Let z = 70 - k. Suppose -4*q + 371 = -3*n, q + z*q - 5*n - 270 = 0. What is the remainder when q is divided by 14?
11
Let w = -129 + 134. Suppose 0 = -y + 4*f + 49, 28 = w*y - 3*f - 268. Calculate the remainder when y is divided by 5.
1
Let f = 7 + -3. What is the remainder when 431/13 - 14/91 is divided by 9/(-12) + 55/f?
7
Let c = 0 + 78. Let k be (-955)/(-6) + (-13)/c. Suppose -4*p + k = 2*z + 49, -p + 3 = 0. Calculate the remainder when 93 is divided by z.
44
Calculate the remainder when 48429/19 - (4576/(-152) + 30) is divided by 151.
133
Calculate the remainder when (101234/70 + 7)*60/9 is divided by 95.
93
Suppose 5*b - r - 1503 = 1927, -695 = -b + 2*r. Calculate the remainder when b is divided by 225.
10
Let x = -344 + 235. Let l = -65 - x. Calculate the remainder when 128 is divided by l.
40
Let r(b) = -44*b - 79. Let i be r(-2). Suppose i*m = -0*m + 63. Let z = -47 - -80. Calculate the remainder when z is divided by m.
5
Let c = -450 - -482. Suppose c*j - 175 - 49 = 0. Let z = 126 + -43. What is the remainder when z is divided by j?
6
Let o = 72 + -55. Let y(j) = -j**2 + 17 + 3*j**2 - o*j + 3*j**2. Calculate the remainder when y(7) is divided by 36.
35
What is the remainder when (264/5)/((-72)/(-180)) is divided by 80?
52
Let t(h) be the first derivative of -h**4/4 + 8*h**3/3 - 6*h**2 + 20*h + 35. Let o be t(8). Let s = o + 94. Calculate the remainder when s is divided by 5.
3
Suppose 4*m - 15 = 5. Let k(b) = -3*b + 29. Let p be k(8). Suppose 72 = 2*i - 5*h, p*h + 7 = -5*i + 117. What is the remainder when i is divided by m?
1
Let k = -4577 - -4771. What is the remainder when k is divided by 188?
6
Suppose 11211 = -115*c + 42376. Calculate the remainder when c is divided by 46.
41
Suppose 54756 = -30*l + 143*l + 225*l. Calculate the remainder when l is divided by 36.
18
Suppose -4*k - 5 = 3*f, -k + 9 = 5*f - 3*k. Let y = -18425 - -18432. What is the remainder when f*27 - 6/(-2) is divided by y?
2
Let i(x) = -x**3 - 40*x**2 - 234*x + 44. Calculate the remainder when 260 is divided by i(-33).
117
Suppose 80*k - 6592 + 832 = 0. What is the remainder when k is divided by 19?
15
Let j = 434 + -302. Suppose 0 = -5*t + 3*c - 4*c + 174, c = 4*t - j. Suppose 0 = 2*l + 3*l - 60. What is the remainder when t is divided by l?
10
Let f(r) = 202*r + 330. Calculate the remainder when f(10) is divided by 16.
14
Let x(a) = -8*a + 9*a**2 + 2*a**3 + 3 + 0 - a**3 - 4. Let k = -10012 - -10027. Calculate the remainder when x(-9) is divided by k.
11
Let t(p) = -21*p + 100. Let g(j) = 22*j - 101. Let s(m) = -2*g(m) - 3*t(m). What is the remainder when s(9) is divided by 39?
34
Suppose 125 = z + d, 84 = -5*z - 4*d + 714. Calculate the remainder when 517 is divided by z.
127
Let l = 1864 - 997. Let u = 1024 - l. Let t(b) = b**3 + 7*b**2 - 4. What is the remainder when u is divided by t(-3)?
29
Suppose -6*z + 789 - 789 = 0. What is the remainder when 40/(-24)*-201 - z is divided by 17?
12
Suppose -2961 = -4*a - 3*n + 1520, 5605 = 5*a + 5*n. Calculate the remainder when a is divided by 35.
33
Suppose 109183*w = 109173*w + 420. Calculate the remainder when 1805 is divided by w.
41
Let g = 6986 - 6302. What is the remainder when 2056 is divided by g?
4
Suppose -4*j = -812 - 2544. Suppose -528*r - 120 = -538*r. Calculate the remainder when j is divided by r.
11
Let g(o) = 11*o**2 - 41*o - 39. Calculate the remainder when 1136/6 - (-2)/3 is divided by g(-1).
8
Let s = 110 - 88. Let j = 441 + -348. Calculate the remainder when j is divided by s.
5
Suppose -9607*g - 9608*g - 894 = -19221*g. Calculate the remainder when g is divided by (-1)/2 + 93/6.
14
Suppose 5*a = 4*u - 5442, -5*u + a + 1504 = -5288. What is the remainder when u is divided by 80?
78
Let l(w) = 13*w - 10. Let i = 52 - 47. Let s be l(i). Suppose -7*j + 71 = -s. What is the remainder when 89 is divided by j?
17
Suppose 0 = 8*z + 49 - 273. Suppose -3*m + 8 = -z. What is the remainder when 70 is divided by m?
10
Let s = 878 + -870. Suppose s*b = 2*b + 1092. Calculate the remainder when b is divided by 47.
41
Suppose -2*s - 12*w + 10*w + 14 = 0, -2*w = s - 9. What is the remainder when ((-159)/9)/(((-10)/12)/s) is divided by 54?
52
Let w be (3595/(-10))/(5/(-10)). Suppose 5*a - w = a - o, -2*a = 3*o - 357. Suppose -a = -7*u + 2*u. Calculate the remainder when u is divided by 20.
16
Let u = 10891 + -10872. What is the remainder when 121 is divided by u?
7
Suppose 0 = o - 2*f - 54, -4*o + 30*f = 26*f - 192. What is the remainder when 1714 is divided by o?
34
Suppose 10*c + 0*c = 2*c + 14528. Calculate the remainder when c is divided by 70.
66
Suppose 4*u + 0*u + 886 = 2*g, 4*g + 4*u - 1772 = 0. Suppose -3*m + 4*i + 68 = 0, -404*i = -5*m - 407*i + 65. What is the remainder when g is divided by m?
11
Let h(s) = s**3 - 8*s**2 - 7*s + 8. Let r be h(5). Let q = r - -92. Let p(m) = m**3 + 11*m**2 + 7*m + 6. Calculate the remainder when p(q) is divided by 13.
10
Suppose -s = 6*u - 8*u + 11, 57 = -4*s - 5*u. Let f = 219 + s. Calculate the remainder when f is divided by 26.
24
What is the remainder when (734/8)/((-39)/(-156)) is divided by 162?
43
Let r = -245 + 395. Suppose -5*h - 81 = -g, 0 = 2*g + 4*h - 0*h - 148. Suppose 152 = 80*m - g*m. Calculate the remainder when r is divided by m.
36
Let x(t) = t**3 - 59*t**2 + 414*t - 176. Calculate the remainder when 909 is divided by x(51).
129
Let i(a) = -a**3 + 12*a**2 - 2*a + 49. Let v be i(11). Suppose -h + 8 = h, v = 4*n - 2*h. Calculate the remainder when 230 is divided by n.
35
Let a = -462 + 39. Let b = -389 - a. What is the remainder when b is divided by 12?
10
Suppose 0 = 105*d - 13*d - 184. What is the remainder when 92 is divided by d?
0
Calculate the remainder when 253 is divided by (136/(-204))/(2/(-159)).
41
Let t = 971 - 915. Let w be ((-2)/8)/((-1)/20). Suppose -5*u + 10 = -w. Calculate the remainder when t is divided by u.
2
Suppose -3*y + y - 5*p - 15 = 0, 0 = -2*y - 2*p. Suppose 4*x = 5*x - 2*d, y*d - 25 = 0. Calculate the remainder when x is divided by 4.
2
Suppose -4747*l - 4445 = -4760*l - 103. What is the remainder when l is divided by 21?
19
What is the remainder when (4/6*(-6)/(-12))/((-2)/(-372)) is divided by 36?
26
Suppose 91*r + 15 = 96*r - 3*s, 4*r = 5*s + 12. Suppose 16*w - 174 = -5*p + 13*w, -42 = -p - r*w. Calculate the remainder when p is divided by 6.
3
Suppose -13 = -9*r - 67. What is the remainder when 212 